 and r?
10
Let b be 3*((-188)/12 - 3). Let p be (-2896)/b + 2/7. Suppose 3*u + h - p = 0, 0 = -0*u + 5*u - h - 76. What is the greatest common divisor of 176 and u?
16
Let a = 670 + -616. Let c be a*(66/220 + 2/10). What is the highest common divisor of 99 and c?
9
Suppose 35 = -3*t - 2*t. Let y(b) = -5*b + 1. Let f be y(t). Let i(q) = 126*q + 774. Let a be i(-6). Calculate the greatest common factor of f and a.
18
Let h = 89 - 88. Let j be (-46)/((h - 5) + 1 + 2). Let o be 8/(-12)*69/(-2). What is the highest common factor of j and o?
23
Suppose 4*v + 5*t = 4609, 0 = 5*v + 8*t - 4*t - 5759. Suppose -5*x + v = -74. Calculate the greatest common divisor of 98 and x.
49
Suppose 4*a - 928 = 4*k, a - 16*k + 21*k - 226 = 0. Calculate the greatest common divisor of a and 770.
77
Suppose -2*l + 5*k + 95 = 0, 121 + 69 = 3*l + 2*k. What is the greatest common divisor of 23070 and l?
30
Let i = -161 + 141. Let y be ((-3)/2)/(2/(-52)). Let u = y + i. Calculate the highest common divisor of u and 57.
19
Suppose l = -3*d - d + 198, 387 = 2*l + 5*d. Let f = -116 + l. What is the greatest common factor of 7 and f?
7
Suppose 0 = 90*u - 2478 - 1662. Calculate the greatest common divisor of u and 644.
46
Suppose 0 = 2*t - 4, -3*s + 3*t = -511 - 656. Calculate the highest common divisor of s and 901.
17
Let f be 3/((-75)/(-55835)) + 11/(330/(-12)). What is the greatest common divisor of f and 847?
77
Suppose -7260 = 5*l - 47810. Calculate the highest common factor of 10 and l.
10
Suppose 4*v + 32 = 2*k + 12, -2*k = 0. Let q be (4 + v)/(3/(-15)). Suppose -f = -5*j + 32, -3*j - f = -q*j + 14. What is the greatest common factor of 4 and j?
2
Suppose -s + 48 - 19 = 4*m, 0 = m - 2. Let p be s*(58/3)/1. What is the greatest common factor of p and 14?
14
Suppose -70 = 6*g + 218. Let b be 10/(-3)*g/5. Calculate the highest common divisor of b and 104.
8
Let h be 0 + 2/((-2)/(-1133)). Let m be -11*(-226)/1808*8*1. Calculate the highest common factor of h and m.
11
Let k be 2/4 + (2007/18 - 0). Let l = k - 4. Calculate the highest common factor of l and 12.
12
Suppose 0 = 5*z - y - 34, 4*y = -2*z + y. Let w(q) = 2*q**3 - 10*q**2 + 10*q - 6. Let h be w(z). What is the highest common divisor of 36 and h?
18
Let a = 738 - 1398. Let f = 668 + a. Calculate the highest common divisor of 168 and f.
8
Let f(c) = -8*c**3 - 5*c**2 - 9*c - 36. Let y(x) = -4*x**2 - 25*x + 17. Let v be y(-7). Let t be f(v). Calculate the greatest common divisor of 27 and t.
27
Suppose 0 = -44*i - 0*i - 12012. Let g = 276 + i. Calculate the greatest common factor of 141 and g.
3
Suppose -12*r + 2324 = 824. Let x = -175 + r. Let z = x + 58. What is the greatest common divisor of z and 4?
4
Suppose 9*g = 677 + 529. Let l = -120 + g. Calculate the highest common factor of l and 448.
14
Let w = -4379 - -5562. Calculate the greatest common factor of w and 2197.
169
Suppose 61*r - 2*r = 2596. Suppose 105*j + r = 109*j. What is the highest common factor of 275 and j?
11
Suppose -4*y + 1430 = 2*o, 12*y + 1420 = 16*y + 4*o. Calculate the greatest common divisor of 1368 and y.
72
Let h = 764 + -323. Let z = h + -399. What is the highest common divisor of 24 and z?
6
Let j(t) = 51*t + 1161. Let l be j(-22). What is the greatest common factor of 3861 and l?
39
Let o(z) = z**3 - 20*z**2 + 24*z + 482. Let c be o(17). What is the greatest common divisor of 8027 and c?
23
Suppose m - 545*n + 550*n = 7126, -35525 = -5*m - 4*n. Calculate the greatest common divisor of m and 263.
263
Suppose 13*h - 48 = 82. Suppose 0 = 3*b - 4*o - 34, -22 = 9*b - h*b + 4*o. Calculate the highest common divisor of b and 66.
6
Let r = 35 - 33. Suppose -4*a = 90 + r. Let q = a + 62. Calculate the greatest common divisor of 26 and q.
13
Let w be 675/36 - (-10)/8. Let k = 7 + -9. Let r be 2*(k - (-12)/2). Calculate the highest common factor of w and r.
4
Let f(v) = 202*v + 2288. Let s be f(-11). Let x(r) = 11*r**3 + r**2 - 3*r. Let m be x(3). What is the highest common divisor of m and s?
33
Suppose -r = -272 - 263. Suppose -r = -3*b + 4*q, 92 = 4*b - 4*q - 628. What is the greatest common divisor of b and 74?
37
Let o be 1 + -56 - (24/4)/(-6). Let w be (-10)/2*o/10. Suppose 0*n - 3*n - q + 29 = 0, -5*n - 4*q + 53 = 0. What is the greatest common divisor of n and w?
9
Let s = -553 - -547. Let y be 2/(-3) + s + (-520)/(-24). Calculate the greatest common divisor of y and 255.
15
Suppose -3*w = -5*g + 1852, -681*g + 3*w - 745 = -683*g. Calculate the highest common divisor of 126 and g.
7
Let d(c) = -21*c + 446. Let r be d(21). What is the greatest common divisor of r and 2335?
5
Let c be (-6)/12 - (2 - 1790/20). Let s be ((-116)/(-6))/((-2)/(-6)). What is the highest common factor of s and c?
29
Let z = 42 + -29. Suppose 4*p = -5*j + 122, -4*j - 11*p + 14*p + 110 = 0. What is the greatest common divisor of z and j?
13
Suppose -2448 = -3*d + 3*o, -2*d + 3*o + 2*o = -1623. Suppose -d = -10*a + 711. What is the greatest common factor of 18 and a?
9
Suppose -9*n = 2*n - 1441. Suppose h - n = -d + 3*h, -d - 2*h + 147 = 0. Suppose 0 = 5*u - d - 121. What is the highest common factor of u and 364?
52
Suppose x - 7 = -3. Let p = 2 + x. Let n = -2061 + 2082. Calculate the highest common factor of n and p.
3
Let m = -2850 - -2874. Calculate the greatest common divisor of 320 and m.
8
Suppose 3*u - 1638 = -3*d, -d - 2174 = -6*u + 2*u. What is the highest common factor of 459 and u?
17
Suppose -24*x + 0*x = -0*x. Suppose 5*l + 2*s - 1270 = 0, -4*l + x*s - 4*s + 1028 = 0. What is the greatest common divisor of l and 28?
28
Let s be -5*2/(-10) + (-1689)/(-15)*15. Calculate the highest common divisor of 250 and s.
10
Let h be (4 + -7)/(15/(-1970)). Suppose -8*v = 3*n - 6*v - h, -3*v + 526 = 4*n. What is the greatest common factor of 52 and n?
26
Suppose -q + 24 = 7*q. Suppose q*h = -4*w + 1320, -3*h = 2*w - 88 - 572. What is the highest common factor of w and 132?
66
Suppose 2*j = -l + 34, -4*l = -3*j + j + 24. Suppose 0 = 20*b - 2410 - 2390. What is the greatest common factor of j and b?
16
Let p(u) be the second derivative of -u**4/12 - 10*u**3/3 + 53*u**2/2 - 101*u. Let c be p(-22). What is the highest common factor of 63 and c?
9
Suppose -2 = q - 6. Suppose 5*l - 33 - 412 = 0. Suppose 0 = 2*d - 5*i - l, 5*i + 4 = d - 53. What is the highest common factor of d and q?
4
Let n(x) = x - 3. Let f be n(5). Let y be (f/(-3))/(2/(-144)). Let w(i) = -164*i + 236. Let v be w(1). What is the greatest common factor of y and v?
24
Let d be ((-234845)/(-45) + 10/45)*(-35)/(-5). Calculate the highest common divisor of 307 and d.
307
Let n be 1081 + (64/44 + (-42)/(-77) - -1). What is the highest common divisor of 2981 and n?
271
Let m be (15/(-6))/(1/12). Let k = m - -55. Let x = -13 + k. What is the highest common divisor of x and 60?
12
Let v be (-12168)/(-91)*(155/10 - 5). Calculate the highest common divisor of v and 432.
108
Let q = -8 - -16. Suppose -q*o + 8 = -3088. Calculate the highest common divisor of o and 9.
9
Suppose -18 = -3*r, 3*r - 11176 = 7*i - 8*i. What is the highest common divisor of 14 and i?
14
Let x = 46 + -33. Suppose -8*s = -x*s + 250. Let b be 16*(2/(-4))/((-60)/150). Calculate the greatest common divisor of s and b.
10
Suppose n = s + 4997, -4*n + 155*s = 152*s - 19988. Calculate the greatest common divisor of 19 and n.
19
Let b(u) = u**2 - 6*u + 55. Let j be b(-13). Let h = j + -152. What is the greatest common divisor of h and 90?
30
Let i be 11328/21 + 10/(-420)*18. Let c = -110 + 159. Calculate the highest common factor of i and c.
49
Suppose 6*s - 6 = 4*s. Suppose s*f + y - 76 = 0, -f + y - 16 = -36. Suppose -2 = x - f. Calculate the highest common factor of x and 242.
22
Suppose -6*j - 5*m = -j - 510, -j + 96 = 4*m. Let h = j - -197. Calculate the greatest common divisor of h and 43.
43
Suppose 0 = 2*v + 3*v - 15. Suppose -2*k - 29 = -5*r + 2*k, v*k + 3 = 0. Suppose -2*o + 3 + 1 = 4*n, r*n = -25. Calculate the greatest common factor of 3 and o.
3
Let v be (189/105)/((-6)/(-20)). Let h be (-23968)/(-15) + v/(-45)*-1. Calculate the highest common factor of h and 34.
34
Suppose 4*z - 63 + 3 = 0. Let m be (7 - 5)*(-4 - (-1183)/130)/(5/25). What is the greatest common factor of z and m?
3
Let v = 6237 - 4541. Calculate the highest commo